se
Is 30 a factor of 79277?
False
Does 63 divide 681587?
False
Is 130 a factor of 3914110?
False
Is 1285 a factor of 436900?
True
Is 67 a factor of 373657?
False
Is 176103 a multiple of 298?
False
Is 13 a factor of 60579?
False
Is 547 a factor of 790415?
True
Is 5428842 a multiple of 1271?
False
Is 809568 a multiple of 16?
True
Is 107798 a multiple of 8?
False
Does 708 divide 211908?
False
Does 493 divide 395121?
False
Is 1937950 a multiple of 686?
True
Does 1315 divide 2005326?
False
Is 11 a factor of 3231915?
False
Is 225336 a multiple of 246?
True
Is 3 a factor of 18219?
True
Is 3809866 a multiple of 118?
True
Is 268 a factor of 5771973?
False
Is 31 a factor of 9242838?
False
Is 1470102 a multiple of 3?
True
Is 1030 a factor of 2270120?
True
Does 16 divide 12908?
False
Does 14 divide 1749966?
False
Is 432 a factor of 18883?
False
Is 100713 a multiple of 59?
True
Is 109 a factor of 8949966?
False
Does 440 divide 3496595?
False
Is 241 a factor of 444223?
False
Is 11 a factor of 141317?
True
Is 11952572 a multiple of 16?
False
Is 49 a factor of 11967081?
False
Is 44 a factor of 116336?
True
Is 470319 a multiple of 10?
False
Is 131 a factor of 6494456?
True
Is 5 a factor of 3411485?
True
Is 11 a factor of 159060?
True
Is 5555225 a multiple of 1837?
False
Is 118 a factor of 103755?
False
Does 125 divide 2155500?
True
Does 17 divide 278384?
False
Is 129051 a multiple of 13?
True
Is 9 a factor of 48573?
True
Is 10509 a multiple of 31?
True
Is 4 a factor of 41012?
True
Does 28 divide 7124516?
True
Is 488 a factor of 10079738?
False
Does 83 divide 219203?
True
Is 5561136 a multiple of 7?
True
Is 103428 a multiple of 884?
True
Does 10 divide 2573540?
True
Is 39117414 a multiple of 441?
False
Is 58 a factor of 49358?
True
Is 153897 a multiple of 12?
False
Is 388206 a multiple of 702?
True
Does 94 divide 8198555?
False
Is 104 a factor of 86632?
True
Is 714918 a multiple of 102?
True
Is 357 a factor of 7146908?
False
Is 10493592 a multiple of 12?
True
Does 10 divide 571232?
False
Is 838412 a multiple of 240?
False
Is 43 a factor of 2257433?
False
Is 1155000 a multiple of 625?
True
Is 62 a factor of 1429635?
False
Is 7 a factor of 86506?
True
Is 1417728 a multiple of 12?
True
Is 22 a factor of 5155?
False
Is 510 a factor of 608430?
True
Does 8 divide 791280?
True
Is 21 a factor of 1633769?
False
Does 188 divide 3210123?
False
Is 4372148 a multiple of 139?
False
Does 63 divide 1186605?
True
Is 431100 a multiple of 75?
True
Does 174 divide 50808?
True
Is 6213097 a multiple of 11?
True
Is 14 a factor of 12349084?
False
Is 2 a factor of 1822?
True
Is 75 a factor of 39048?
False
Is 8 a factor of 2231760?
True
Does 35 divide 268730?
True
Does 6 divide 1856236?
False
Is 402984 a multiple of 36?
True
Is 22 a factor of 81221?
False
Is 40 a factor of 2288640?
True
Does 13 divide 32819?
False
Is 6842240 a multiple of 160?
True
Is 15143260 a multiple of 110?
True
Is 41111 a multiple of 49?
True
Is 90688 a multiple of 32?
True
Is 6602220 a multiple of 90?
True
Is 85052 even?
True
Is 641347 a multiple of 50?
False
Does 13 divide 13871?
True
Is 742624 a multiple of 736?
True
Is 425936 a multiple of 16?
True
Is 5182848 a multiple of 33?
True
Is 127330 a multiple of 535?
True
Does 4 divide 84764?
True
Is 343 a factor of 28910441?
True
Does 167 divide 3095345?
True
Is 474325 a multiple of 5?
True
Is 2254912 a multiple of 11?
True
Does 11 divide 998250?
True
Is 1595097 a multiple of 26?
False
Is 12 a factor of 22004?
False
Is 3926 a multiple of 2?
True
Does 170 divide 654989?
False
Does 10 divide 579840?
True
Is 132130 a multiple of 82?
False
Is 2754548 a multiple of 317?
False
Is 2047839 a multiple of 6?
False
Does 29 divide 2929232?
True
Does 245 divide 200655?
True
Is 94 a factor of 95034?
True
Is 135 a factor of 92070?
True
Does 160 divide 254560?
True
Does 1465 divide 5906775?
False
Does 390 divide 228310?
False
Is 6905900 a multiple of 14?
False
Is 1149456 a multiple of 7?
True
Is 133926 a multiple of 253?
False
Is 43 a factor of 249787?
True
Does 244 divide 857646?
False
Is 102839 a multiple of 4?
False
Does 43 divide 233060?
True
Is 40 a factor of 284789?
False
Is 7081481 a multiple of 2291?
True
Does 6 divide 193117?
False
Does 57 divide 18119826?
False
Is 143004 a multiple of 17?
True
Does 154 divide 393316?
True
Does 5 divide 143168?
False
Is 4440 a multiple of 6?
True
Is 4196609 a multiple of 10?
False
Is 2650590 a multiple of 15?
True
Is 123 a factor of 4486103?
False
Is 9783080 a multiple of 118?
False
Is 1115 a factor of 4971089?
False
Does 245 divide 6417513?
False
Is 37 a factor of 2627?
True
Is 126818 a multiple of 209?
False
Is 305 a factor of 204884?
False
Is 106 a factor of 587664?
True
Does 23 divide 1905175?
False
Is 253439 a multiple of 13?
False
Is 61343 a multiple of 16?
False
Is 173921 a multiple of 8?
False
Is 11466 a multiple of 819?
True
Is 79 a factor of 1960622?
True
Is 8 a factor of 247126?
False
Is 3461923 a multiple of 320?
False
Is 41 a factor of 264368?
True
Is 2533814 a multiple of 392?
False
Does 133 divide 15919169?
True
Does 11 divide 321887?
False
Is 219186 a multiple of 66?
True
Is 119108 a multiple of 125?
False
Does 152 divide 3756?
False
Is 85 a factor of 51850?
True
Does 157 divide 552424?
False
Does 8 divide 1916090?
False
Does 300 divide 209700?
True
Is 263 a factor of 888232?
False
Is 15 a factor of 168216?
False
Does 48 divide 461232?
True
Is 9 a factor of 369676?
False
Is 246 a factor of 993157?
False
Is 158 a factor of 5201834?
True
Is 47061 a multiple of 83?
True
Is 293 a factor of 138972?
False
Is 796464 a multiple of 347?
False
Is 60 a factor of 12353081?
False
Is 1174888 a multiple of 79?
True
Does 314 divide 1240091?
False
Is 3783000 a multiple of 388?
True
Does 95 divide 843410?
True
Does 196 divide 211092?
True
Is 37 a factor of 1199624?
False
Is 8 a factor of 347952?
True
Is 45726 a multiple of 30?
False
Is 977732 a multiple of 14?
True
Is 254606 a multiple of 163?
True
Is 18 a factor of 3343667?
False
Is 60 a factor of 71940?
True
Is 1864085 a multiple of 16?
False
Does 68 divide 603826?
False
Does 158 divide 877058?
True
Is 17 a factor of 1336282?
False
Is 43 a factor of 4661673?
True
Is 5 a factor of 402590?
True
Is 304608 a multiple of 1123?
False
Does 775 divide 7946850?
True
Is 111850 a multiple of 50?
True
Is 22 a factor of 4397140?
True
Is 68430 a multiple of 46?
False
Does 8 divide 6458560?
True
Is 23 a factor of 657386?
True
Is 268 a factor of 605948?
True
Is 263535 a multiple of 15?
True
Is 15 a factor of 13039735?
False
Is 205 a factor of 335031?
False
Does 299 divide 339963?
True
Is 16 a factor of 2023628?
False
Is 823731 a multiple of 252?
False
Is 1123242 a multiple of 26?
False
Does 636 divide 815352?
True
Is 747 a factor of 2871009?
False
Is 243 a factor of 146115?
False
Does 11 divide 12277631?
False
Is 72 a factor of 177192?
True
Is 9224040 a multiple of 556?
True
Is 104948 a multiple of 1323?
False
Is 117495 a multiple of 3?
True
Is 6480 a multiple of 18?
True
Does 36 divide 77868?
True
Does 595 divide 2977380?
True
Is 248370 a multiple of 10?
True
Does 677 divide 6624529?
False
Is 334 a factor of 1460991?
False
Does 10 divide 317365?
False
Is 281079 a multiple of 131?
False
Is 23 a factor of 263896?
False
Does 379 divide 689401?
True
Is 28 a factor of 594412?
True
Does 275 divide 8282450?
True
Is 261254 a multiple of 177?
False
Is 8 a factor of 2785609?
False
Does 41 divide 136993?
False
Does 9 divide 2522169?
True
Is 2325495 a multiple of 229?
True
Is 202 a factor of 937994?
False
Is 32 a factor of 52155?
False
Does 20 divide 69760?
True
Is 16 a factor of 51200?
True
Is 31746 a multiple of 67?
False
Is 4176651 a multiple of 79?
True
Is 104 a factor of 30023?
False
Is 19 a factor of 1076616?
True
Is 7 a factor of 3451378?
True
Is 213810 a multiple of 30?
True
Is 6 a factor of 1512?
True
Is 13333 a multiple of 49?
False
Is 5 a factor of 1897521?
False
Is 45430 a multiple of 14?
True
Is 297 a factor of 8653556?
False
Does 6 divide 2662876?
False
Does 2 divide 275704?
True
Does 2 divide 24447?
False
Is 63 a factor of 5584383?
True
Is 5 a factor of 194461?
False
Is 35136 a multiple of 96?
True
Is 794 a factor of 720158?
True
Is 2818660 a multiple of 1172?
True
Is 298 a factor of 97446?
True
